{"id":227,"date":"2025-08-25T11:31:37","date_gmt":"2025-08-25T11:31:37","guid":{"rendered":"https:\/\/simsonmotorrad.de\/?page_id=227"},"modified":"2025-08-25T11:33:52","modified_gmt":"2025-08-25T11:33:52","slug":"elementor-227","status":"publish","type":"page","link":"https:\/\/simsonmotorrad.de\/?page_id=227","title":{"rendered":"Elementor #227"},"content":{"rendered":"\t\t<div data-elementor-type=\"wp-page\" data-elementor-id=\"227\" class=\"elementor elementor-227\">\n\t\t\t\t<div class=\"elementor-element elementor-element-bdb2105 e-flex e-con-boxed e-con e-parent\" data-id=\"bdb2105\" data-element_type=\"container\">\n\t\t\t\t\t<div class=\"e-con-inner\">\n\t\t\t\t<div class=\"elementor-element elementor-element-2667e0c elementor-widget elementor-widget-heading\" data-id=\"2667e0c\" data-element_type=\"widget\" data-widget_type=\"heading.default\">\n\t\t\t\t\t<h2 class=\"elementor-heading-title elementor-size-default\">Simson 425 GS \u2013 legenda enduro (1957)<\/h2>\t\t\t\t<\/div>\n\t\t\t\t\t<\/div>\n\t\t\t\t<\/div>\n\t\t<div class=\"elementor-element elementor-element-e20914f e-flex e-con-boxed e-con e-parent\" data-id=\"e20914f\" data-element_type=\"container\">\n\t\t\t\t\t<div class=\"e-con-inner\">\n\t\t\t\t<div class=\"elementor-element elementor-element-4288610 elementor-widget elementor-widget-text-editor\" data-id=\"4288610\" data-element_type=\"widget\" data-widget_type=\"text-editor.default\">\n\t\t\t\t\t\t\t\t\t<p>Mit dem Erscheinen des 425\u202fGS im Jahr\u202f1957 betrat Simson Neuland: Bisher hatte das Werk vor allem stra\u00dfenorientierte Viertakt\u2011Touren- und Sportmaschinen produziert. F\u00fcr den Gel\u00e4ndesport entwickelte man nun aus dem 425\u202fS einen echten Enduro-Prototyp. Der <strong data-start=\"763\" data-end=\"773\">425\u202fGS<\/strong> (GS\u00a0= Gel\u00e4nde\u2011Sport) erhielt einen auf 350\u202fcm\u00b3 vergr\u00f6\u00dferten Einzylinder mit obenliegenden Ventilen, der etwa 20\u202fPS leistete. Die Ingenieure verst\u00e4rkten den Doppelschleifenrahmen, verk\u00fcrzten den Radstand und verpassten dem Motorrad eine hohe Auspuffanlage sowie eine l\u00e4ngere Federung, um Schlagl\u00f6cher und Hindernisse zu bew\u00e4ltigen. Damit war der 425\u202fGS eines der ersten speziell f\u00fcr den Gel\u00e4ndeeinsatz konzipierten Motorr\u00e4der aus der DDR.o.<\/p>\t\t\t\t\t\t\t\t<\/div>\n\t\t\t\t\t<\/div>\n\t\t\t\t<\/div>\n\t\t<div class=\"elementor-element elementor-element-f33b5ca e-flex e-con-boxed e-con e-parent\" data-id=\"f33b5ca\" data-element_type=\"container\">\n\t\t\t\t\t<div class=\"e-con-inner\">\n\t\t\t\t<div class=\"elementor-element elementor-element-4ca79b4 elementor-widget elementor-widget-image\" data-id=\"4ca79b4\" data-element_type=\"widget\" data-widget_type=\"image.default\">\n\t\t\t\t\t\t\t\t\t\t\t\t\t\t\t<img fetchpriority=\"high\" decoding=\"async\" width=\"759\" height=\"1024\" src=\"https:\/\/simsonmotorrad.de\/wp-content\/uploads\/2025\/08\/29118710602_145363bd5c_b.jpg\" class=\"attachment-medium_large size-medium_large wp-image-229\" alt=\"\" srcset=\"https:\/\/simsonmotorrad.de\/wp-content\/uploads\/2025\/08\/29118710602_145363bd5c_b.jpg 759w, https:\/\/simsonmotorrad.de\/wp-content\/uploads\/2025\/08\/29118710602_145363bd5c_b-222x300.jpg 222w\" sizes=\"(max-width: 759px) 100vw, 759px\" \/>\t\t\t\t\t\t\t\t\t\t\t\t\t\t\t<\/div>\n\t\t\t\t\t<\/div>\n\t\t\t\t<\/div>\n\t\t<div class=\"elementor-element elementor-element-39e2531 e-flex e-con-boxed e-con e-parent\" data-id=\"39e2531\" data-element_type=\"container\">\n\t\t\t\t\t<div class=\"e-con-inner\">\n\t\t\t\t<div class=\"elementor-element elementor-element-dd76973 elementor-widget elementor-widget-text-editor\" data-id=\"dd76973\" data-element_type=\"widget\" data-widget_type=\"text-editor.default\">\n\t\t\t\t\t\t\t\t\t<p>Das Modell wurde in Kleinserie gefertigt \u2013 zwischen 1957 und 1959 entstanden nur rund achtzig Exemplare. Zun\u00e4chst k\u00e4mpfte die Maschine mit Zuverl\u00e4ssigkeitsproblemen: In den ersten Wettk\u00e4mpfen riss der Kardan, der Motor \u00fcberhitzte und das Gewicht erschwerte enge Passagen. Doch die Rennabteilung arbeitete hart an Verbesserungen: Eine leichtere Kurbelwelle, optimierte Schmierung und eine bessere K\u00fchlung steigerten Haltbarkeit und Leistung. Die endg\u00fcltige Version bew\u00e4hrte sich im harten Einsatz der International Six Days Trial, bei denen das DDR\u2011Team 1958 und 1959 jeweils eine Goldmedaille holte. Fahrerlager lobten den drehmomentstarken Motor und die stabile Stra\u00dfenlage des GS, kritisierten aber den hohen Verbrauch und das hohe Gewicht im Vergleich zu westlichen Enduros. Dennoch gilt der 425\u202fGS als erste Enduro\u2011Legende aus Ostdeutschland und Inspiration f\u00fcr nachfolgende Gel\u00e4ndesportmaschinen. Seine Erfolge machten Simson zum festen Bestandteil des internationalen Endurosports und st\u00e4rkten das Selbstbewusstsein der DDR\u2011Motorradkonstrukteure.<\/p>\t\t\t\t\t\t\t\t<\/div>\n\t\t\t\t\t<\/div>\n\t\t\t\t<\/div>\n\t\t\t\t<\/div>\n\t\t","protected":false},"excerpt":{"rendered":"<p>Simson 425 GS \u2013 legenda enduro (1957) Mit dem Erscheinen des 425\u202fGS im Jahr\u202f1957 betrat Simson Neuland: Bisher hatte das Werk vor allem stra\u00dfenorientierte Viertakt\u2011Touren- und Sportmaschinen produziert. F\u00fcr den Gel\u00e4ndesport entwickelte man nun aus dem 425\u202fS einen echten Enduro-Prototyp. Der 425\u202fGS (GS\u00a0= Gel\u00e4nde\u2011Sport) erhielt einen auf 350\u202fcm\u00b3 vergr\u00f6\u00dferten Einzylinder mit obenliegenden Ventilen, der etwa [&hellip;]<\/p>\n","protected":false},"author":2,"featured_media":0,"parent":0,"menu_order":0,"comment_status":"closed","ping_status":"closed","template":"elementor_header_footer","meta":{"footnotes":""},"class_list":["post-227","page","type-page","status-publish","hentry"],"_links":{"self":[{"href":"https:\/\/simsonmotorrad.de\/index.php?rest_route=\/wp\/v2\/pages\/227","targetHints":{"allow":["GET"]}}],"collection":[{"href":"https:\/\/simsonmotorrad.de\/index.php?rest_route=\/wp\/v2\/pages"}],"about":[{"href":"https:\/\/simsonmotorrad.de\/index.php?rest_route=\/wp\/v2\/types\/page"}],"author":[{"embeddable":true,"href":"https:\/\/simsonmotorrad.de\/index.php?rest_route=\/wp\/v2\/users\/2"}],"replies":[{"embeddable":true,"href":"https:\/\/simsonmotorrad.de\/index.php?rest_route=%2Fwp%2Fv2%2Fcomments&post=227"}],"version-history":[{"count":4,"href":"https:\/\/simsonmotorrad.de\/index.php?rest_route=\/wp\/v2\/pages\/227\/revisions"}],"predecessor-version":[{"id":232,"href":"https:\/\/simsonmotorrad.de\/index.php?rest_route=\/wp\/v2\/pages\/227\/revisions\/232"}],"wp:attachment":[{"href":"https:\/\/simsonmotorrad.de\/index.php?rest_route=%2Fwp%2Fv2%2Fmedia&parent=227"}],"curies":[{"name":"wp","href":"https:\/\/api.w.org\/{rel}","templated":true}]}}