{"id":174,"date":"2025-08-21T10:07:07","date_gmt":"2025-08-21T10:07:07","guid":{"rendered":"https:\/\/simsonmotorrad.de\/?page_id=174"},"modified":"2025-08-25T08:48:11","modified_gmt":"2025-08-25T08:48:11","slug":"erste-simson-automobile-1907","status":"publish","type":"page","link":"https:\/\/simsonmotorrad.de\/?page_id=174","title":{"rendered":"Erste Simson-Automobile (1907)"},"content":{"rendered":"\t\t<div data-elementor-type=\"wp-page\" data-elementor-id=\"174\" class=\"elementor elementor-174\">\n\t\t\t\t<div class=\"elementor-element elementor-element-8ea7a13 e-flex e-con-boxed e-con e-parent\" data-id=\"8ea7a13\" data-element_type=\"container\">\n\t\t\t\t\t<div class=\"e-con-inner\">\n\t\t\t\t<div class=\"elementor-element elementor-element-1840f02 elementor-widget elementor-widget-heading\" data-id=\"1840f02\" data-element_type=\"widget\" data-widget_type=\"heading.default\">\n\t\t\t\t\t<h2 class=\"elementor-heading-title elementor-size-default\">(1907) Erste Simson-Automobile <\/h2>\t\t\t\t<\/div>\n\t\t\t\t\t<\/div>\n\t\t\t\t<\/div>\n\t\t<div class=\"elementor-element elementor-element-b92f698 e-flex e-con-boxed e-con e-parent\" data-id=\"b92f698\" data-element_type=\"container\">\n\t\t\t\t\t<div class=\"e-con-inner\">\n\t\t\t\t<div class=\"elementor-element elementor-element-dba0f4b elementor-widget elementor-widget-text-editor\" data-id=\"dba0f4b\" data-element_type=\"widget\" data-widget_type=\"text-editor.default\">\n\t\t\t\t\t\t\t\t\t<p>Zu Beginn des\u202f20.\u202fJahrhunderts zeigte sich der Wunsch der Firma\u202fSimson, ihr Sortiment zu erweitern. Nachdem die Fahrr\u00e4der im\u202f19.\u202fJahrhundert erfolgreich waren, beschlossen die Br\u00fcder L\u00f6b und Moses\u202fSimson, in den Automobilbau einzusteigen. Im Jahr\u202f1907 entstanden in Suhl die ersten Prototypen von Personenkraftwagen. Der Schritt von Waffen und Fahrr\u00e4dern zu motorisierten Fahrzeugen erforderte eine Modernisierung der Produktion; die ersten Wagen waren leichte Tourenwagen mit Vierzylindermotor, vernietetem Rahmen und Holzspeichenr\u00e4dern. Weil die Nachfrage gering war und die Fertigung teuer, entstanden nur kleine St\u00fcckzahlen. Das erste verkaufsf\u00e4hige Modell erschien erst\u202f1911 und bildete die Basis f\u00fcr sportlichere Konstruktionen.<\/p>\t\t\t\t\t\t\t\t<\/div>\n\t\t\t\t<div class=\"elementor-element elementor-element-e010601 elementor-widget elementor-widget-image\" data-id=\"e010601\" data-element_type=\"widget\" data-widget_type=\"image.default\">\n\t\t\t\t\t\t\t\t\t\t\t\t\t\t\t<img fetchpriority=\"high\" decoding=\"async\" width=\"1024\" height=\"768\" src=\"https:\/\/simsonmotorrad.de\/wp-content\/uploads\/2025\/08\/Auto.jpg\" class=\"attachment-large size-large wp-image-185\" alt=\"\" srcset=\"https:\/\/simsonmotorrad.de\/wp-content\/uploads\/2025\/08\/Auto.jpg 1024w, https:\/\/simsonmotorrad.de\/wp-content\/uploads\/2025\/08\/Auto-300x225.jpg 300w, https:\/\/simsonmotorrad.de\/wp-content\/uploads\/2025\/08\/Auto-768x576.jpg 768w\" sizes=\"(max-width: 1024px) 100vw, 1024px\" \/>\t\t\t\t\t\t\t\t\t\t\t\t\t\t\t<\/div>\n\t\t\t\t\t<\/div>\n\t\t\t\t<\/div>\n\t\t<div class=\"elementor-element elementor-element-1b91bf0 e-flex e-con-boxed e-con e-parent\" data-id=\"1b91bf0\" data-element_type=\"container\">\n\t\t\t\t\t<div class=\"e-con-inner\">\n\t\t\t\t<div class=\"elementor-element elementor-element-d51e7a0 elementor-widget elementor-widget-text-editor\" data-id=\"d51e7a0\" data-element_type=\"widget\" data-widget_type=\"text-editor.default\">\n\t\t\t\t\t\t\t\t\t<p>Neben der technischen Bew\u00e4hrungsprobe ging es auch darum, zu zeigen, dass das Unternehmen modern ist und eine wohlhabendere Kundschaft bedienen kann. Die Simson\u2011Automobile wurden rasch zum Aush\u00e4ngeschild des Betriebs und st\u00e4rkten den Ruf der Marke. Ein begeisterter Liebhaber der Marke brachte es sp\u00e4ter so auf den Punkt: \u201eSchon als Kind stand ich fasziniert vor den eleganten Linien der alten Simson\u2011Automobile\u00a0\u2013 f\u00fcr mich verk\u00f6rperten sie Pioniergeist und handwerkliche Meisterschaft.\u201c Die bei diesem Projekt gewonnene Erfahrung floss sp\u00e4ter in die Entwicklung der ber\u00fchmten Simson\u2011Motorr\u00e4der ein. Obwohl der Autobau nicht lange w\u00e4hrte, festigte er das industrielle Know\u2011how und verhalf Simson zu einem Platz unter den fortschrittlichsten Unternehmen seiner Zeit.<\/p>\t\t\t\t\t\t\t\t<\/div>\n\t\t\t\t\t<\/div>\n\t\t\t\t<\/div>\n\t\t\t\t<\/div>\n\t\t","protected":false},"excerpt":{"rendered":"<p>(1907) Erste Simson-Automobile Zu Beginn des\u202f20.\u202fJahrhunderts zeigte sich der Wunsch der Firma\u202fSimson, ihr Sortiment zu erweitern. Nachdem die Fahrr\u00e4der im\u202f19.\u202fJahrhundert erfolgreich waren, beschlossen die Br\u00fcder L\u00f6b und Moses\u202fSimson, in den Automobilbau einzusteigen. Im Jahr\u202f1907 entstanden in Suhl die ersten Prototypen von Personenkraftwagen. Der Schritt von Waffen und Fahrr\u00e4dern zu motorisierten Fahrzeugen erforderte eine Modernisierung der [&hellip;]<\/p>\n","protected":false},"author":2,"featured_media":0,"parent":0,"menu_order":0,"comment_status":"closed","ping_status":"closed","template":"elementor_header_footer","meta":{"footnotes":""},"class_list":["post-174","page","type-page","status-publish","hentry"],"_links":{"self":[{"href":"https:\/\/simsonmotorrad.de\/index.php?rest_route=\/wp\/v2\/pages\/174","targetHints":{"allow":["GET"]}}],"collection":[{"href":"https:\/\/simsonmotorrad.de\/index.php?rest_route=\/wp\/v2\/pages"}],"about":[{"href":"https:\/\/simsonmotorrad.de\/index.php?rest_route=\/wp\/v2\/types\/page"}],"author":[{"embeddable":true,"href":"https:\/\/simsonmotorrad.de\/index.php?rest_route=\/wp\/v2\/users\/2"}],"replies":[{"embeddable":true,"href":"https:\/\/simsonmotorrad.de\/index.php?rest_route=%2Fwp%2Fv2%2Fcomments&post=174"}],"version-history":[{"count":4,"href":"https:\/\/simsonmotorrad.de\/index.php?rest_route=\/wp\/v2\/pages\/174\/revisions"}],"predecessor-version":[{"id":189,"href":"https:\/\/simsonmotorrad.de\/index.php?rest_route=\/wp\/v2\/pages\/174\/revisions\/189"}],"wp:attachment":[{"href":"https:\/\/simsonmotorrad.de\/index.php?rest_route=%2Fwp%2Fv2%2Fmedia&parent=174"}],"curies":[{"name":"wp","href":"https:\/\/api.w.org\/{rel}","templated":true}]}}